{"id":89,"date":"2017-01-01T05:56:52","date_gmt":"2017-01-01T05:56:52","guid":{"rendered":"http:\/\/dimbach-pfalz.de\/?page_id=89"},"modified":"2026-05-13T08:48:58","modified_gmt":"2026-05-13T08:48:58","slug":"freiwillige-feuerwehr","status":"publish","type":"page","link":"http:\/\/dimbach-pfalz.de\/?page_id=89","title":{"rendered":"Freiwillige Feuerwehr"},"content":{"rendered":"<p style=\"text-align: center;\">Die Ortsgemeinde Dimbach hat selbst keine eigene Feuerwehr und wird \u00fcber die Freiwillige Feuerwehr im ein Kilometer entfernten Lug abgedeckt.<\/p>\n<p style=\"text-align: center;\">Diese verf\u00fcgt \u00fcber drei Einsatzfahrzeuge und wird zus\u00e4tzlich im Bedarfsfall durch die weiteren Einsatzkr\u00e4fte in der Verbandsgemeinde Hauenstein unterst\u00fctzt.<\/p>\n<p style=\"text-align: center;\">Weiterhin unterh\u00e4lt die FW Lug auch eine eigene Jugendfeuerwehr und f\u00fchrt hier jeden Freitag \u00dcbungsstunden durch, zu der die Kinder am Dorfplatz in Dimbach abgeholt und im Anschluss nach Hause gebracht werden.<\/p>\n<p style=\"text-align: center;\">Sowohl bei den aktiven Mitgliedern als auch in der Jugendfeuerwehr sind neue Mitglieder jederzeit willkommen.<\/p>\n<p style=\"text-align: center;\"><!--more--><\/p>\n<p style=\"text-align: center;\"><strong>Ansprechpartner<\/strong><\/p>\n<p style=\"text-align: center;\">Wehrf\u00fchrer Joachim Tiator, Tel.:0157 52270382<\/p>\n<p style=\"text-align: center;\"><!--more--><\/p>\n<p style=\"text-align: center;\"><strong>Die Jugendfeuerwehr stellt sich vor<\/strong><\/p>\n<div id=\"attachment_399\" style=\"width: 594px\" class=\"wp-caption aligncenter\"><img loading=\"lazy\" decoding=\"async\" aria-describedby=\"caption-attachment-399\" class=\"wp-image-399 size-large\" src=\"http:\/\/dimbach-pfalz.de\/wp-content\/uploads\/2017\/06\/01-1024x705.jpg\" alt=\"\" width=\"584\" height=\"402\" srcset=\"http:\/\/dimbach-pfalz.de\/wp-content\/uploads\/2017\/06\/01-1024x705.jpg 1024w, http:\/\/dimbach-pfalz.de\/wp-content\/uploads\/2017\/06\/01-300x206.jpg 300w, http:\/\/dimbach-pfalz.de\/wp-content\/uploads\/2017\/06\/01-768x528.jpg 768w, http:\/\/dimbach-pfalz.de\/wp-content\/uploads\/2017\/06\/01-436x300.jpg 436w\" sizes=\"(max-width: 584px) 100vw, 584px\" \/><p id=\"caption-attachment-399\" class=\"wp-caption-text\">2016: Die Jugendfeuerwehr pr\u00e4sentiert sich (Foto: Thomas Funck)<\/p><\/div>\n<div id=\"attachment_400\" style=\"width: 594px\" class=\"wp-caption aligncenter\"><img loading=\"lazy\" decoding=\"async\" aria-describedby=\"caption-attachment-400\" class=\"wp-image-400 size-large\" src=\"http:\/\/dimbach-pfalz.de\/wp-content\/uploads\/2017\/06\/02-1-1024x759.jpg\" alt=\"\" width=\"584\" height=\"433\" srcset=\"http:\/\/dimbach-pfalz.de\/wp-content\/uploads\/2017\/06\/02-1-1024x759.jpg 1024w, http:\/\/dimbach-pfalz.de\/wp-content\/uploads\/2017\/06\/02-1-300x222.jpg 300w, http:\/\/dimbach-pfalz.de\/wp-content\/uploads\/2017\/06\/02-1-768x569.jpg 768w, http:\/\/dimbach-pfalz.de\/wp-content\/uploads\/2017\/06\/02-1-405x300.jpg 405w\" sizes=\"(max-width: 584px) 100vw, 584px\" \/><p id=\"caption-attachment-400\" class=\"wp-caption-text\">2016: Das Spiel mit dem Feuer &#8211; Verpuffung (Foto: Thomas Funck)<\/p><\/div>\n<div id=\"attachment_401\" style=\"width: 594px\" class=\"wp-caption aligncenter\"><img loading=\"lazy\" decoding=\"async\" aria-describedby=\"caption-attachment-401\" class=\"wp-image-401 size-large\" src=\"http:\/\/dimbach-pfalz.de\/wp-content\/uploads\/2017\/06\/DSCF1559-1024x768.jpg\" alt=\"\" width=\"584\" height=\"438\" srcset=\"http:\/\/dimbach-pfalz.de\/wp-content\/uploads\/2017\/06\/DSCF1559-1024x768.jpg 1024w, http:\/\/dimbach-pfalz.de\/wp-content\/uploads\/2017\/06\/DSCF1559-300x225.jpg 300w, http:\/\/dimbach-pfalz.de\/wp-content\/uploads\/2017\/06\/DSCF1559-768x576.jpg 768w, http:\/\/dimbach-pfalz.de\/wp-content\/uploads\/2017\/06\/DSCF1559-400x300.jpg 400w\" sizes=\"(max-width: 584px) 100vw, 584px\" \/><p id=\"caption-attachment-401\" class=\"wp-caption-text\">2016: Besichtigung des Einsatzfahrzeuges (Foto: Thomas Funck)<\/p><\/div>\n","protected":false},"excerpt":{"rendered":"<p>Die Ortsgemeinde Dimbach hat selbst keine eigene Feuerwehr und wird \u00fcber die Freiwillige Feuerwehr im ein Kilometer entfernten Lug abgedeckt. Diese verf\u00fcgt \u00fcber drei Einsatzfahrzeuge und wird zus\u00e4tzlich im Bedarfsfall durch die weiteren Einsatzkr\u00e4fte in der Verbandsgemeinde Hauenstein unterst\u00fctzt. Weiterhin &hellip; <a href=\"http:\/\/dimbach-pfalz.de\/?page_id=89\">Weiterlesen <span class=\"meta-nav\">&rarr;<\/span><\/a><\/p>\n","protected":false},"author":1,"featured_media":0,"parent":74,"menu_order":6,"comment_status":"closed","ping_status":"closed","template":"","meta":{"footnotes":""},"_links":{"self":[{"href":"http:\/\/dimbach-pfalz.de\/index.php?rest_route=\/wp\/v2\/pages\/89"}],"collection":[{"href":"http:\/\/dimbach-pfalz.de\/index.php?rest_route=\/wp\/v2\/pages"}],"about":[{"href":"http:\/\/dimbach-pfalz.de\/index.php?rest_route=\/wp\/v2\/types\/page"}],"author":[{"embeddable":true,"href":"http:\/\/dimbach-pfalz.de\/index.php?rest_route=\/wp\/v2\/users\/1"}],"replies":[{"embeddable":true,"href":"http:\/\/dimbach-pfalz.de\/index.php?rest_route=%2Fwp%2Fv2%2Fcomments&post=89"}],"version-history":[{"count":7,"href":"http:\/\/dimbach-pfalz.de\/index.php?rest_route=\/wp\/v2\/pages\/89\/revisions"}],"predecessor-version":[{"id":1850,"href":"http:\/\/dimbach-pfalz.de\/index.php?rest_route=\/wp\/v2\/pages\/89\/revisions\/1850"}],"up":[{"embeddable":true,"href":"http:\/\/dimbach-pfalz.de\/index.php?rest_route=\/wp\/v2\/pages\/74"}],"wp:attachment":[{"href":"http:\/\/dimbach-pfalz.de\/index.php?rest_route=%2Fwp%2Fv2%2Fmedia&parent=89"}],"curies":[{"name":"wp","href":"https:\/\/api.w.org\/{rel}","templated":true}]}}