{"id":82,"date":"2017-06-01T05:55:26","date_gmt":"2017-06-01T05:55:26","guid":{"rendered":"http:\/\/dimbach-pfalz.de\/?page_id=82"},"modified":"2024-08-15T08:23:43","modified_gmt":"2024-08-15T08:23:43","slug":"asv-lug-dimbach-e-v","status":"publish","type":"page","link":"http:\/\/dimbach-pfalz.de\/?page_id=82","title":{"rendered":"ASV Lug-Dimbach e.V."},"content":{"rendered":"<p><img loading=\"lazy\" decoding=\"async\" class=\"size-medium wp-image-223 aligncenter\" src=\"http:\/\/dimbach-pfalz.de\/wp-content\/uploads\/2017\/02\/17-06-01-ASV-12-300x122.jpg\" alt=\"\" width=\"300\" height=\"122\" srcset=\"http:\/\/dimbach-pfalz.de\/wp-content\/uploads\/2017\/02\/17-06-01-ASV-12-300x122.jpg 300w, http:\/\/dimbach-pfalz.de\/wp-content\/uploads\/2017\/02\/17-06-01-ASV-12-768x312.jpg 768w, http:\/\/dimbach-pfalz.de\/wp-content\/uploads\/2017\/02\/17-06-01-ASV-12-1024x416.jpg 1024w, http:\/\/dimbach-pfalz.de\/wp-content\/uploads\/2017\/02\/17-06-01-ASV-12-500x203.jpg 500w, http:\/\/dimbach-pfalz.de\/wp-content\/uploads\/2017\/02\/17-06-01-ASV-12.jpg 1165w\" sizes=\"(max-width: 300px) 100vw, 300px\" \/><\/p>\n<h4 style=\"text-align: center;\">1953 wurde er als Fu\u00dfballverein ins Leben gerufen.<\/h4>\n<h4 style=\"text-align: center;\">Durch mittlerweile weitere Unterabteilungen im Bereich Gymnastik findet man ein breites Spektrum f\u00fcr sportliche Aktivit\u00e4ten in unseren Gemeinden.<\/h4>\n<h4 style=\"text-align: center;\"><\/h4>\n<p><!--more--><\/p>\n<h4 style=\"text-align: center;\">Vor allem die Jugendarbeit zeichnet sich durch eine vorbildliche Arbeit aus und ist aktuell in fast allen Jugendmannschaften in doppelter Mannschaftsst\u00e4rke besetzt.<\/h4>\n<h4 style=\"text-align: center;\">Der Verein engagiert sich sowohl im Bereich des Umweltschutzes<\/h4>\n<h4 style=\"text-align: center;\">( 2.Platz Landesebene \/ 10. Platz Bundesebene in 2014 beim DFB Umweltcup ),<\/h4>\n<h4 style=\"text-align: center;\">als auch bei der Integrationsarbeit und wurde auch hier in 2016 von der Egidius-Braun-Stiftung des DFB ausgezeichnet.<\/h4>\n<h4 style=\"text-align: center;\">Weiterhin erhielt der Verein 2015 f\u00fcr seine Jugendarbeit bei dem Motto<\/h4>\n<h4 style=\"text-align: center;\">\u201eKinder stark machen\u201c den AOK-Gesundheitspreis.<\/h4>\n<p style=\"text-align: center;\"><span style=\"color: #008000;\"><strong>Aktuelles im Jahr 2017<\/strong><\/span><\/p>\n<p style=\"text-align: center;\">Was f\u00fcr eine Wertsch\u00e4tzung und Anerkennung der Jugendarbeit des ASV Lug\/Schwanheim! Auf Vorschlag des S\u00fcdwestdeutschen Fu\u00dfballverbandes wurde der ASV f\u00fcr die Teilnahme an einer Fu\u00dfball-Ferien-Freizeit ausgew\u00e4hlt, die im Zeitraum vom 23.7.2018 bis zum 29.07.2018 in der Sportschule Malente stattfindet.<\/p>\n<p style=\"text-align: center;\">Der Erfolg kommt nicht von ungef\u00e4hr, schlie\u00dflich hat man zuvor schon den AOK-Gesundheitspreis gewonnen, war f\u00fcr die Fl\u00fcchtlingsarbeit ausgezeichnet worden und daf\u00fcr mit jeweils 500 \u20ac belohnt worden. Inklusion, Suchtpr\u00e4ventionsma\u00dfnahmen, Aktionen zu \u201eKinder stark machen\u201c, eine Fahrt nach London sowie Kajakfahren nahe der Schweizer Grenze und einem Nebenfluss der Mosel nebst Zeltlager sind Beweise f\u00fcr die vielf\u00e4ltige Jugendarbeit. Die Einladung der insgesamt 80 Mannschaften aus ganz Deutschland zur Fu\u00dfball-Ferien-Freizeit erfolgte \u00fcber die DFB-Stiftung Egidius Braun. 800.000 \u20ac investiert die Stiftung nach eigenen Angaben f\u00fcr diese Ma\u00dfnahme, also 10.000 \u20ac pro ausgesuchtem Verein.<\/p>\n<p style=\"text-align: center;\">Die Einladung ist Dank und Anerkennung f\u00fcr herausragendes ehrenamtliches Engagement in den Klubs.<\/p>\n<p><!--more--><\/p>\n<h6 style=\"text-align: center;\"><strong>Ansprechpartner:<\/strong><\/h6>\n<p style=\"text-align: center;\">1.Vorstand: Winfried Sch\u00e4fer \/ 06392-1275<\/p>\n<p style=\"text-align: center;\">2. Vorstand: Achim Bodenseh<\/p>\n<p style=\"text-align: center;\"><a href=\"http:\/\/www.asv-lug-dimbach.de\" target=\"_blank\" rel=\"noopener\">http:\/\/www.asv-lug-dimbach.de<\/a><\/p>\n<div id=\"attachment_345\" style=\"width: 594px\" class=\"wp-caption aligncenter\"><img loading=\"lazy\" decoding=\"async\" aria-describedby=\"caption-attachment-345\" class=\"wp-image-345 size-large\" src=\"http:\/\/dimbach-pfalz.de\/wp-content\/uploads\/2017\/06\/17-06-01-ASV-2-1-1024x768.jpg\" alt=\"\" width=\"584\" height=\"438\" srcset=\"http:\/\/dimbach-pfalz.de\/wp-content\/uploads\/2017\/06\/17-06-01-ASV-2-1-1024x768.jpg 1024w, http:\/\/dimbach-pfalz.de\/wp-content\/uploads\/2017\/06\/17-06-01-ASV-2-1-300x225.jpg 300w, http:\/\/dimbach-pfalz.de\/wp-content\/uploads\/2017\/06\/17-06-01-ASV-2-1-768x576.jpg 768w, http:\/\/dimbach-pfalz.de\/wp-content\/uploads\/2017\/06\/17-06-01-ASV-2-1-400x300.jpg 400w\" sizes=\"(max-width: 584px) 100vw, 584px\" \/><p id=\"caption-attachment-345\" class=\"wp-caption-text\">Aktion &#8222;Kinder stark machen&#8220; (Foto: Claudia Funck)<\/p><\/div>\n<div id=\"attachment_351\" style=\"width: 594px\" class=\"wp-caption aligncenter\"><img loading=\"lazy\" decoding=\"async\" aria-describedby=\"caption-attachment-351\" class=\"wp-image-351 size-large\" src=\"http:\/\/dimbach-pfalz.de\/wp-content\/uploads\/2017\/06\/17-06-01-ASV-1024x813.jpg\" alt=\"\" width=\"584\" height=\"464\" srcset=\"http:\/\/dimbach-pfalz.de\/wp-content\/uploads\/2017\/06\/17-06-01-ASV-1024x813.jpg 1024w, http:\/\/dimbach-pfalz.de\/wp-content\/uploads\/2017\/06\/17-06-01-ASV-300x238.jpg 300w, http:\/\/dimbach-pfalz.de\/wp-content\/uploads\/2017\/06\/17-06-01-ASV-768x610.jpg 768w, http:\/\/dimbach-pfalz.de\/wp-content\/uploads\/2017\/06\/17-06-01-ASV-378x300.jpg 378w\" sizes=\"(max-width: 584px) 100vw, 584px\" \/><p id=\"caption-attachment-351\" class=\"wp-caption-text\">Auszeichnung &#8222;Sterne des Sport\u00b4s&#8220; (Foto: Sch\u00e4fer)<\/p><\/div>\n<div id=\"attachment_350\" style=\"width: 594px\" class=\"wp-caption aligncenter\"><img loading=\"lazy\" decoding=\"async\" aria-describedby=\"caption-attachment-350\" class=\"wp-image-350 size-large\" src=\"http:\/\/dimbach-pfalz.de\/wp-content\/uploads\/2017\/06\/17-06-01-ASV-10-1024x781.jpg\" alt=\"\" width=\"584\" height=\"445\" srcset=\"http:\/\/dimbach-pfalz.de\/wp-content\/uploads\/2017\/06\/17-06-01-ASV-10-1024x781.jpg 1024w, http:\/\/dimbach-pfalz.de\/wp-content\/uploads\/2017\/06\/17-06-01-ASV-10-300x229.jpg 300w, http:\/\/dimbach-pfalz.de\/wp-content\/uploads\/2017\/06\/17-06-01-ASV-10-768x586.jpg 768w, http:\/\/dimbach-pfalz.de\/wp-content\/uploads\/2017\/06\/17-06-01-ASV-10-393x300.jpg 393w, http:\/\/dimbach-pfalz.de\/wp-content\/uploads\/2017\/06\/17-06-01-ASV-10.jpg 1214w\" sizes=\"(max-width: 584px) 100vw, 584px\" \/><p id=\"caption-attachment-350\" class=\"wp-caption-text\">Erste Meisterschaft<\/p><\/div>\n<div id=\"attachment_349\" style=\"width: 950px\" class=\"wp-caption aligncenter\"><img loading=\"lazy\" decoding=\"async\" aria-describedby=\"caption-attachment-349\" class=\"wp-image-349 size-full\" src=\"http:\/\/dimbach-pfalz.de\/wp-content\/uploads\/2017\/06\/17-06-01-ASV-9.jpg\" alt=\"\" width=\"940\" height=\"990\" srcset=\"http:\/\/dimbach-pfalz.de\/wp-content\/uploads\/2017\/06\/17-06-01-ASV-9.jpg 940w, http:\/\/dimbach-pfalz.de\/wp-content\/uploads\/2017\/06\/17-06-01-ASV-9-285x300.jpg 285w, http:\/\/dimbach-pfalz.de\/wp-content\/uploads\/2017\/06\/17-06-01-ASV-9-768x809.jpg 768w\" sizes=\"(max-width: 940px) 100vw, 940px\" \/><p id=\"caption-attachment-349\" class=\"wp-caption-text\">60 Jahre ASV Lug\/Dimbach (Fotos: Thomas Funck)<\/p><\/div>\n<div id=\"attachment_346\" style=\"width: 1026px\" class=\"wp-caption aligncenter\"><img loading=\"lazy\" decoding=\"async\" aria-describedby=\"caption-attachment-346\" class=\"wp-image-346 size-full\" src=\"http:\/\/dimbach-pfalz.de\/wp-content\/uploads\/2017\/06\/17-06-01-ASV-3-1.jpg\" alt=\"\" width=\"1016\" height=\"630\" srcset=\"http:\/\/dimbach-pfalz.de\/wp-content\/uploads\/2017\/06\/17-06-01-ASV-3-1.jpg 1016w, http:\/\/dimbach-pfalz.de\/wp-content\/uploads\/2017\/06\/17-06-01-ASV-3-1-300x186.jpg 300w, http:\/\/dimbach-pfalz.de\/wp-content\/uploads\/2017\/06\/17-06-01-ASV-3-1-768x476.jpg 768w, http:\/\/dimbach-pfalz.de\/wp-content\/uploads\/2017\/06\/17-06-01-ASV-3-1-484x300.jpg 484w\" sizes=\"(max-width: 1016px) 100vw, 1016px\" \/><p id=\"caption-attachment-346\" class=\"wp-caption-text\">60 Jahre ASV Lug\/Dimbach (Fotos: Thomas Funck)<\/p><\/div>\n<div id=\"attachment_348\" style=\"width: 594px\" class=\"wp-caption aligncenter\"><img loading=\"lazy\" decoding=\"async\" aria-describedby=\"caption-attachment-348\" class=\"wp-image-348 size-large\" src=\"http:\/\/dimbach-pfalz.de\/wp-content\/uploads\/2017\/06\/17-06-01-ASV-8-819x1024.jpg\" alt=\"\" width=\"584\" height=\"730\" srcset=\"http:\/\/dimbach-pfalz.de\/wp-content\/uploads\/2017\/06\/17-06-01-ASV-8-819x1024.jpg 819w, http:\/\/dimbach-pfalz.de\/wp-content\/uploads\/2017\/06\/17-06-01-ASV-8-240x300.jpg 240w, http:\/\/dimbach-pfalz.de\/wp-content\/uploads\/2017\/06\/17-06-01-ASV-8-768x960.jpg 768w, http:\/\/dimbach-pfalz.de\/wp-content\/uploads\/2017\/06\/17-06-01-ASV-8.jpg 904w\" sizes=\"(max-width: 584px) 100vw, 584px\" \/><p id=\"caption-attachment-348\" class=\"wp-caption-text\">ASV sagt allen Helfern Danke (Fotos: Thomas Funck)<\/p><\/div>\n<div id=\"attachment_347\" style=\"width: 594px\" class=\"wp-caption aligncenter\"><img loading=\"lazy\" decoding=\"async\" aria-describedby=\"caption-attachment-347\" class=\"wp-image-347 size-large\" src=\"http:\/\/dimbach-pfalz.de\/wp-content\/uploads\/2017\/06\/17-06-01-ASV-4-1024x683.jpg\" alt=\"\" width=\"584\" height=\"390\" srcset=\"http:\/\/dimbach-pfalz.de\/wp-content\/uploads\/2017\/06\/17-06-01-ASV-4-1024x683.jpg 1024w, http:\/\/dimbach-pfalz.de\/wp-content\/uploads\/2017\/06\/17-06-01-ASV-4-300x200.jpg 300w, http:\/\/dimbach-pfalz.de\/wp-content\/uploads\/2017\/06\/17-06-01-ASV-4-768x512.jpg 768w, http:\/\/dimbach-pfalz.de\/wp-content\/uploads\/2017\/06\/17-06-01-ASV-4-450x300.jpg 450w\" sizes=\"(max-width: 584px) 100vw, 584px\" \/><p id=\"caption-attachment-347\" class=\"wp-caption-text\">60 Jahre ASV Lug\/Dimbach (Fotos: Thomas Funck)<\/p><\/div>\n","protected":false},"excerpt":{"rendered":"<p>1953 wurde er als Fu\u00dfballverein ins Leben gerufen. Durch mittlerweile weitere Unterabteilungen im Bereich Gymnastik findet man ein breites Spektrum f\u00fcr sportliche Aktivit\u00e4ten in unseren Gemeinden.<\/p>\n","protected":false},"author":1,"featured_media":0,"parent":74,"menu_order":3,"comment_status":"closed","ping_status":"closed","template":"","meta":{"footnotes":""},"_links":{"self":[{"href":"http:\/\/dimbach-pfalz.de\/index.php?rest_route=\/wp\/v2\/pages\/82"}],"collection":[{"href":"http:\/\/dimbach-pfalz.de\/index.php?rest_route=\/wp\/v2\/pages"}],"about":[{"href":"http:\/\/dimbach-pfalz.de\/index.php?rest_route=\/wp\/v2\/types\/page"}],"author":[{"embeddable":true,"href":"http:\/\/dimbach-pfalz.de\/index.php?rest_route=\/wp\/v2\/users\/1"}],"replies":[{"embeddable":true,"href":"http:\/\/dimbach-pfalz.de\/index.php?rest_route=%2Fwp%2Fv2%2Fcomments&post=82"}],"version-history":[{"count":17,"href":"http:\/\/dimbach-pfalz.de\/index.php?rest_route=\/wp\/v2\/pages\/82\/revisions"}],"predecessor-version":[{"id":1700,"href":"http:\/\/dimbach-pfalz.de\/index.php?rest_route=\/wp\/v2\/pages\/82\/revisions\/1700"}],"up":[{"embeddable":true,"href":"http:\/\/dimbach-pfalz.de\/index.php?rest_route=\/wp\/v2\/pages\/74"}],"wp:attachment":[{"href":"http:\/\/dimbach-pfalz.de\/index.php?rest_route=%2Fwp%2Fv2%2Fmedia&parent=82"}],"curies":[{"name":"wp","href":"https:\/\/api.w.org\/{rel}","templated":true}]}}

<p><img loading="lazy" decoding="async" class="size-medium wp-image-223 aligncenter" src="http://dimbach-pfalz.de/wp-content/uploads/2017/02/17-06-01-ASV-12-300x122.jpg" alt="" width="300" height="122" srcset="http://dimbach-pfalz.de/wp-content/uploads/2017/02/17-06-01-ASV-12-300x122.jpg 300w, http://dimbach-pfalz.de/wp-content/uploads/2017/02/17-06-01-ASV-12-768x312.jpg 768w, http://dimbach-pfalz.de/wp-content/uploads/2017/02/17-06-01-ASV-12-1024x416.jpg 1024w, http://dimbach-pfalz.de/wp-content/uploads/2017/02/17-06-01-ASV-12-500x203.jpg 500w, http://dimbach-pfalz.de/wp-content/uploads/2017/02/17-06-01-ASV-12.jpg 1165w" sizes="(max-width: 300px) 100vw, 300px" /></p>
<h4 style="text-align: center;">1953 wurde er als Fußballverein ins Leben gerufen.</h4>
<h4 style="text-align: center;">Durch mittlerweile weitere Unterabteilungen im Bereich Gymnastik findet man ein breites Spektrum für sportliche Aktivitäten in unseren Gemeinden.</h4>
<h4 style="text-align: center;"></h4>
<p><!--more--></p>
<h4 style="text-align: center;">Vor allem die Jugendarbeit zeichnet sich durch eine vorbildliche Arbeit aus und ist aktuell in fast allen Jugendmannschaften in doppelter Mannschaftsstärke besetzt.</h4>
<h4 style="text-align: center;">Der Verein engagiert sich sowohl im Bereich des Umweltschutzes</h4>
<h4 style="text-align: center;">( 2.Platz Landesebene / 10. Platz Bundesebene in 2014 beim DFB Umweltcup ),</h4>
<h4 style="text-align: center;">als auch bei der Integrationsarbeit und wurde auch hier in 2016 von der Egidius-Braun-Stiftung des DFB ausgezeichnet.</h4>
<h4 style="text-align: center;">Weiterhin erhielt der Verein 2015 für seine Jugendarbeit bei dem Motto</h4>
<h4 style="text-align: center;">„Kinder stark machen“ den AOK-Gesundheitspreis.</h4>
<p style="text-align: center;"><span style="color: #008000;"><strong>Aktuelles im Jahr 2017</strong></span></p>
<p style="text-align: center;">Was für eine Wertschätzung und Anerkennung der Jugendarbeit des ASV Lug/Schwanheim! Auf Vorschlag des Südwestdeutschen Fußballverbandes wurde der ASV für die Teilnahme an einer Fußball-Ferien-Freizeit ausgewählt, die im Zeitraum vom 23.7.2018 bis zum 29.07.2018 in der Sportschule Malente stattfindet.</p>
<p style="text-align: center;">Der Erfolg kommt nicht von ungefähr, schließlich hat man zuvor schon den AOK-Gesundheitspreis gewonnen, war für die Flüchtlingsarbeit ausgezeichnet worden und dafür mit jeweils 500 € belohnt worden. Inklusion, Suchtpräventionsmaßnahmen, Aktionen zu „Kinder stark machen“, eine Fahrt nach London sowie Kajakfahren nahe der Schweizer Grenze und einem Nebenfluss der Mosel nebst Zeltlager sind Beweise für die vielfältige Jugendarbeit. Die Einladung der insgesamt 80 Mannschaften aus ganz Deutschland zur Fußball-Ferien-Freizeit erfolgte über die DFB-Stiftung Egidius Braun. 800.000 € investiert die Stiftung nach eigenen Angaben für diese Maßnahme, also 10.000 € pro ausgesuchtem Verein.</p>
<p style="text-align: center;">Die Einladung ist Dank und Anerkennung für herausragendes ehrenamtliches Engagement in den Klubs.</p>
<p><!--more--></p>
<h6 style="text-align: center;"><strong>Ansprechpartner:</strong></h6>
<p style="text-align: center;">1.Vorstand: Winfried Schäfer / 06392-1275</p>
<p style="text-align: center;">2. Vorstand: Achim Bodenseh</p>
<p style="text-align: center;"><a href="http://www.asv-lug-dimbach.de" target="_blank" rel="noopener">http://www.asv-lug-dimbach.de</a></p>
<div id="attachment_345" style="width: 594px" class="wp-caption aligncenter"><img loading="lazy" decoding="async" aria-describedby="caption-attachment-345" class="wp-image-345 size-large" src="http://dimbach-pfalz.de/wp-content/uploads/2017/06/17-06-01-ASV-2-1-1024x768.jpg" alt="" width="584" height="438" srcset="http://dimbach-pfalz.de/wp-content/uploads/2017/06/17-06-01-ASV-2-1-1024x768.jpg 1024w, http://dimbach-pfalz.de/wp-content/uploads/2017/06/17-06-01-ASV-2-1-300x225.jpg 300w, http://dimbach-pfalz.de/wp-content/uploads/2017/06/17-06-01-ASV-2-1-768x576.jpg 768w, http://dimbach-pfalz.de/wp-content/uploads/2017/06/17-06-01-ASV-2-1-400x300.jpg 400w" sizes="(max-width: 584px) 100vw, 584px" /><p id="caption-attachment-345" class="wp-caption-text">Aktion &#8222;Kinder stark machen&#8220; (Foto: Claudia Funck)</p></div>
<div id="attachment_351" style="width: 594px" class="wp-caption aligncenter"><img loading="lazy" decoding="async" aria-describedby="caption-attachment-351" class="wp-image-351 size-large" src="http://dimbach-pfalz.de/wp-content/uploads/2017/06/17-06-01-ASV-1024x813.jpg" alt="" width="584" height="464" srcset="http://dimbach-pfalz.de/wp-content/uploads/2017/06/17-06-01-ASV-1024x813.jpg 1024w, http://dimbach-pfalz.de/wp-content/uploads/2017/06/17-06-01-ASV-300x238.jpg 300w, http://dimbach-pfalz.de/wp-content/uploads/2017/06/17-06-01-ASV-768x610.jpg 768w, http://dimbach-pfalz.de/wp-content/uploads/2017/06/17-06-01-ASV-378x300.jpg 378w" sizes="(max-width: 584px) 100vw, 584px" /><p id="caption-attachment-351" class="wp-caption-text">Auszeichnung &#8222;Sterne des Sport´s&#8220; (Foto: Schäfer)</p></div>
<div id="attachment_350" style="width: 594px" class="wp-caption aligncenter"><img loading="lazy" decoding="async" aria-describedby="caption-attachment-350" class="wp-image-350 size-large" src="http://dimbach-pfalz.de/wp-content/uploads/2017/06/17-06-01-ASV-10-1024x781.jpg" alt="" width="584" height="445" srcset="http://dimbach-pfalz.de/wp-content/uploads/2017/06/17-06-01-ASV-10-1024x781.jpg 1024w, http://dimbach-pfalz.de/wp-content/uploads/2017/06/17-06-01-ASV-10-300x229.jpg 300w, http://dimbach-pfalz.de/wp-content/uploads/2017/06/17-06-01-ASV-10-768x586.jpg 768w, http://dimbach-pfalz.de/wp-content/uploads/2017/06/17-06-01-ASV-10-393x300.jpg 393w, http://dimbach-pfalz.de/wp-content/uploads/2017/06/17-06-01-ASV-10.jpg 1214w" sizes="(max-width: 584px) 100vw, 584px" /><p id="caption-attachment-350" class="wp-caption-text">Erste Meisterschaft</p></div>
<div id="attachment_349" style="width: 950px" class="wp-caption aligncenter"><img loading="lazy" decoding="async" aria-describedby="caption-attachment-349" class="wp-image-349 size-full" src="http://dimbach-pfalz.de/wp-content/uploads/2017/06/17-06-01-ASV-9.jpg" alt="" width="940" height="990" srcset="http://dimbach-pfalz.de/wp-content/uploads/2017/06/17-06-01-ASV-9.jpg 940w, http://dimbach-pfalz.de/wp-content/uploads/2017/06/17-06-01-ASV-9-285x300.jpg 285w, http://dimbach-pfalz.de/wp-content/uploads/2017/06/17-06-01-ASV-9-768x809.jpg 768w" sizes="(max-width: 940px) 100vw, 940px" /><p id="caption-attachment-349" class="wp-caption-text">60 Jahre ASV Lug/Dimbach (Fotos: Thomas Funck)</p></div>
<div id="attachment_346" style="width: 1026px" class="wp-caption aligncenter"><img loading="lazy" decoding="async" aria-describedby="caption-attachment-346" class="wp-image-346 size-full" src="http://dimbach-pfalz.de/wp-content/uploads/2017/06/17-06-01-ASV-3-1.jpg" alt="" width="1016" height="630" srcset="http://dimbach-pfalz.de/wp-content/uploads/2017/06/17-06-01-ASV-3-1.jpg 1016w, http://dimbach-pfalz.de/wp-content/uploads/2017/06/17-06-01-ASV-3-1-300x186.jpg 300w, http://dimbach-pfalz.de/wp-content/uploads/2017/06/17-06-01-ASV-3-1-768x476.jpg 768w, http://dimbach-pfalz.de/wp-content/uploads/2017/06/17-06-01-ASV-3-1-484x300.jpg 484w" sizes="(max-width: 1016px) 100vw, 1016px" /><p id="caption-attachment-346" class="wp-caption-text">60 Jahre ASV Lug/Dimbach (Fotos: Thomas Funck)</p></div>
<div id="attachment_348" style="width: 594px" class="wp-caption aligncenter"><img loading="lazy" decoding="async" aria-describedby="caption-attachment-348" class="wp-image-348 size-large" src="http://dimbach-pfalz.de/wp-content/uploads/2017/06/17-06-01-ASV-8-819x1024.jpg" alt="" width="584" height="730" srcset="http://dimbach-pfalz.de/wp-content/uploads/2017/06/17-06-01-ASV-8-819x1024.jpg 819w, http://dimbach-pfalz.de/wp-content/uploads/2017/06/17-06-01-ASV-8-240x300.jpg 240w, http://dimbach-pfalz.de/wp-content/uploads/2017/06/17-06-01-ASV-8-768x960.jpg 768w, http://dimbach-pfalz.de/wp-content/uploads/2017/06/17-06-01-ASV-8.jpg 904w" sizes="(max-width: 584px) 100vw, 584px" /><p id="caption-attachment-348" class="wp-caption-text">ASV sagt allen Helfern Danke (Fotos: Thomas Funck)</p></div>
<div id="attachment_347" style="width: 594px" class="wp-caption aligncenter"><img loading="lazy" decoding="async" aria-describedby="caption-attachment-347" class="wp-image-347 size-large" src="http://dimbach-pfalz.de/wp-content/uploads/2017/06/17-06-01-ASV-4-1024x683.jpg" alt="" width="584" height="390" srcset="http://dimbach-pfalz.de/wp-content/uploads/2017/06/17-06-01-ASV-4-1024x683.jpg 1024w, http://dimbach-pfalz.de/wp-content/uploads/2017/06/17-06-01-ASV-4-300x200.jpg 300w, http://dimbach-pfalz.de/wp-content/uploads/2017/06/17-06-01-ASV-4-768x512.jpg 768w, http://dimbach-pfalz.de/wp-content/uploads/2017/06/17-06-01-ASV-4-450x300.jpg 450w" sizes="(max-width: 584px) 100vw, 584px" /><p id="caption-attachment-347" class="wp-caption-text">60 Jahre ASV Lug/Dimbach (Fotos: Thomas Funck)</p></div>

<p>1953 wurde er als Fußballverein ins Leben gerufen. Durch mittlerweile weitere Unterabteilungen im Bereich Gymnastik findet man ein breites Spektrum für sportliche Aktivitäten in unseren Gemeinden.</p>
