{"id":34,"date":"2016-06-01T04:45:32","date_gmt":"2016-06-01T04:45:32","guid":{"rendered":"http:\/\/dimbach-pfalz.de\/?page_id=34"},"modified":"2025-12-28T11:31:08","modified_gmt":"2025-12-28T11:31:08","slug":"chronik","status":"publish","type":"page","link":"http:\/\/dimbach-pfalz.de\/?page_id=34","title":{"rendered":"Chronik"},"content":{"rendered":"<p>Es wird vermutet, dass Dimbach bereits im 11. oder 12. Jahrhundert vor der Zeit vom gro\u00dfen Stauferkaiser Friedrich I. (genannt Barbarossa) mit seiner Residenz auf der Reichsburg Trifels existierte. Dies ist allerdings urkundlich nicht belegt.<\/p>\n<div id=\"attachment_496\" style=\"width: 311px\" class=\"wp-caption alignright\"><img loading=\"lazy\" decoding=\"async\" aria-describedby=\"caption-attachment-496\" class=\"wp-image-496\" src=\"http:\/\/dimbach-pfalz.de\/wp-content\/uploads\/2016\/06\/17-06-01-Dimbach_alt-2-300x206.jpg\" alt=\"\" width=\"301\" height=\"210\" \/><p id=\"caption-attachment-496\" class=\"wp-caption-text\">Dimbach 1878 &#8211; Das erste Foto des Ortes aus dem Archiv von Peter Mann<\/p><\/div>\n<p><strong>Die erste urkundliche Erw\u00e4hnung findet man am 25.11.1386. Diese Urkunde befindet sich im Archiv <\/strong><strong>der F\u00fcrstlichen Salm-Salm&#8217;schen Bibliothek in Isselburg.<\/strong><\/p>\n<p>Hier steht geschrieben, dass Graf Emichs zu Leiningen der Besitzer von Burg Lindelbrunn (damals Lindelboln) die D\u00f6rfer Daxsteyne, Widendail, Slettenbach und Dynnebach (damaliger Name von Dimbach) an seinen Schwager Gerhard III, den Wildgrafen zu Kyrburg, f\u00fcr 150 Gulden verpf\u00e4ndet hat. Dies gilt als die Geburtsstunde von Dimbach.<\/p>\n<p>Auch der Name ver\u00e4nderte sich\u00a0 \u00fcber die Jahrhunderte von\u00a0 Dynnebach \u00fcber Dindebach und Dinbach zum heutigen Dimbach.<\/p>\n<div id=\"attachment_500\" style=\"width: 310px\" class=\"wp-caption alignleft\"><img loading=\"lazy\" decoding=\"async\" aria-describedby=\"caption-attachment-500\" class=\"wp-image-500 size-medium\" src=\"http:\/\/dimbach-pfalz.de\/wp-content\/uploads\/2016\/06\/77-IMG_0002-300x202.jpg\" alt=\"\" width=\"300\" height=\"202\" srcset=\"http:\/\/dimbach-pfalz.de\/wp-content\/uploads\/2016\/06\/77-IMG_0002-300x202.jpg 300w, http:\/\/dimbach-pfalz.de\/wp-content\/uploads\/2016\/06\/77-IMG_0002-768x517.jpg 768w, http:\/\/dimbach-pfalz.de\/wp-content\/uploads\/2016\/06\/77-IMG_0002-1024x689.jpg 1024w, http:\/\/dimbach-pfalz.de\/wp-content\/uploads\/2016\/06\/77-IMG_0002-446x300.jpg 446w, http:\/\/dimbach-pfalz.de\/wp-content\/uploads\/2016\/06\/77-IMG_0002.jpg 1544w\" sizes=\"(max-width: 300px) 100vw, 300px\" \/><p id=\"caption-attachment-500\" class=\"wp-caption-text\">Dimbach Mitte der 50er Jahre (Foto: Fritz Kr\u00e4mer)<\/p><\/div>\n<p>Die Ortschaft geh\u00f6rte zusammen mit den Nachbargemeinden Darstein, Oberschlettenbach, Vorderweidenthal und dem B\u00e4renbrunnerhof zur Grafschaft Burg Lindelbrunn, welche sich im Besitz der Grafen von Leiningen befand.<\/p>\n<p>Durch die st\u00e4ndige Geldnot dieser Besitzer mussten die haupts\u00e4chlich von der Landwirtschaft lebenden Dimbacher zeitweise zwei Zehntsteuern aus ihrem k\u00e4rglichen Einkommen abf\u00fchren.<\/p>\n<div id=\"attachment_497\" style=\"width: 310px\" class=\"wp-caption alignright\"><img loading=\"lazy\" decoding=\"async\" aria-describedby=\"caption-attachment-497\" class=\"wp-image-497 size-medium\" src=\"http:\/\/dimbach-pfalz.de\/wp-content\/uploads\/2016\/06\/17-06-01-Dimbach_alt-1-300x208.jpg\" alt=\"\" width=\"300\" height=\"208\" srcset=\"http:\/\/dimbach-pfalz.de\/wp-content\/uploads\/2016\/06\/17-06-01-Dimbach_alt-1-300x208.jpg 300w, http:\/\/dimbach-pfalz.de\/wp-content\/uploads\/2016\/06\/17-06-01-Dimbach_alt-1-768x534.jpg 768w, http:\/\/dimbach-pfalz.de\/wp-content\/uploads\/2016\/06\/17-06-01-Dimbach_alt-1-1024x712.jpg 1024w, http:\/\/dimbach-pfalz.de\/wp-content\/uploads\/2016\/06\/17-06-01-Dimbach_alt-1-432x300.jpg 432w, http:\/\/dimbach-pfalz.de\/wp-content\/uploads\/2016\/06\/17-06-01-Dimbach_alt-1.jpg 1121w\" sizes=\"(max-width: 300px) 100vw, 300px\" \/><p id=\"caption-attachment-497\" class=\"wp-caption-text\">Dimbach Anfang der 60er Jahre (Foto: Fritz Kr\u00e4mer)<\/p><\/div>\n<p>Auch der Drei\u00dfigj\u00e4hrige Krieg (1618 &#8211; 1648) mit seinen Hungersn\u00f6ten und Krankheitsepidemien sorgte f\u00fcr eine drastische Reduzierung der Bev\u00f6lkerung. Teilweise \u00fcberlebten in der Region nur 20% der Einwohner, oder manche Ortschaften wurden v\u00f6llig ausgel\u00f6scht und nie wieder aufgebaut.<\/p>\n<p>&nbsp;<\/p>\n<p>Dimbach blieb davon verschont und noch heute gibt es Familien deren Nachkommen aus dieser Zeit in unserer Heimatgemeinde Dimbach leben.<\/p>\n<div id=\"attachment_498\" style=\"width: 310px\" class=\"wp-caption alignleft\"><img loading=\"lazy\" decoding=\"async\" aria-describedby=\"caption-attachment-498\" class=\"wp-image-498 size-medium\" src=\"http:\/\/dimbach-pfalz.de\/wp-content\/uploads\/2016\/06\/17-06-01-Dimbach_alt-3-300x195.jpg\" alt=\"\" width=\"300\" height=\"195\" \/><p id=\"caption-attachment-498\" class=\"wp-caption-text\">Dimbach 1999 (Foto: Thomas Funck)<\/p><\/div>\n<p>Ende des 19. Jahrhunderts fanden viele B\u00fcrger im Bereich der Schuhindustrie neue Einkommensm\u00f6glichkeiten und ab der zweiten H\u00e4lfte des 20. Jahrhunderts orientierte man sich \u00fcberwiegend in die Vorderpfalz bzw. Rheinebene zu den dort ans\u00e4ssigen Handwerks- und Industriezweigen.<\/p>\n","protected":false},"excerpt":{"rendered":"<p>Es wird vermutet, dass Dimbach bereits im 11. oder 12. Jahrhundert vor der Zeit vom gro\u00dfen Stauferkaiser Friedrich I. (genannt Barbarossa) mit seiner Residenz auf der Reichsburg Trifels existierte. Dies ist allerdings urkundlich nicht belegt. Die erste urkundliche Erw\u00e4hnung findet &hellip; <a href=\"http:\/\/dimbach-pfalz.de\/?page_id=34\">Weiterlesen <span class=\"meta-nav\">&rarr;<\/span><\/a><\/p>\n","protected":false},"author":1,"featured_media":0,"parent":2,"menu_order":2,"comment_status":"closed","ping_status":"closed","template":"","meta":{"footnotes":""},"_links":{"self":[{"href":"http:\/\/dimbach-pfalz.de\/index.php?rest_route=\/wp\/v2\/pages\/34"}],"collection":[{"href":"http:\/\/dimbach-pfalz.de\/index.php?rest_route=\/wp\/v2\/pages"}],"about":[{"href":"http:\/\/dimbach-pfalz.de\/index.php?rest_route=\/wp\/v2\/types\/page"}],"author":[{"embeddable":true,"href":"http:\/\/dimbach-pfalz.de\/index.php?rest_route=\/wp\/v2\/users\/1"}],"replies":[{"embeddable":true,"href":"http:\/\/dimbach-pfalz.de\/index.php?rest_route=%2Fwp%2Fv2%2Fcomments&post=34"}],"version-history":[{"count":13,"href":"http:\/\/dimbach-pfalz.de\/index.php?rest_route=\/wp\/v2\/pages\/34\/revisions"}],"predecessor-version":[{"id":1811,"href":"http:\/\/dimbach-pfalz.de\/index.php?rest_route=\/wp\/v2\/pages\/34\/revisions\/1811"}],"up":[{"embeddable":true,"href":"http:\/\/dimbach-pfalz.de\/index.php?rest_route=\/wp\/v2\/pages\/2"}],"wp:attachment":[{"href":"http:\/\/dimbach-pfalz.de\/index.php?rest_route=%2Fwp%2Fv2%2Fmedia&parent=34"}],"curies":[{"name":"wp","href":"https:\/\/api.w.org\/{rel}","templated":true}]}}

<p>Es wird vermutet, dass Dimbach bereits im 11. oder 12. Jahrhundert vor der Zeit vom großen Stauferkaiser Friedrich I. (genannt Barbarossa) mit seiner Residenz auf der Reichsburg Trifels existierte. Dies ist allerdings urkundlich nicht belegt.</p>
<div id="attachment_496" style="width: 311px" class="wp-caption alignright"><img loading="lazy" decoding="async" aria-describedby="caption-attachment-496" class="wp-image-496" src="http://dimbach-pfalz.de/wp-content/uploads/2016/06/17-06-01-Dimbach_alt-2-300x206.jpg" alt="" width="301" height="210" /><p id="caption-attachment-496" class="wp-caption-text">Dimbach 1878 &#8211; Das erste Foto des Ortes aus dem Archiv von Peter Mann</p></div>
<p><strong>Die erste urkundliche Erwähnung findet man am 25.11.1386. Diese Urkunde befindet sich im Archiv </strong><strong>der Fürstlichen Salm-Salm&#8217;schen Bibliothek in Isselburg.</strong></p>
<p>Hier steht geschrieben, dass Graf Emichs zu Leiningen der Besitzer von Burg Lindelbrunn (damals Lindelboln) die Dörfer Daxsteyne, Widendail, Slettenbach und Dynnebach (damaliger Name von Dimbach) an seinen Schwager Gerhard III, den Wildgrafen zu Kyrburg, für 150 Gulden verpfändet hat. Dies gilt als die Geburtsstunde von Dimbach.</p>
<p>Auch der Name veränderte sich  über die Jahrhunderte von  Dynnebach über Dindebach und Dinbach zum heutigen Dimbach.</p>
<div id="attachment_500" style="width: 310px" class="wp-caption alignleft"><img loading="lazy" decoding="async" aria-describedby="caption-attachment-500" class="wp-image-500 size-medium" src="http://dimbach-pfalz.de/wp-content/uploads/2016/06/77-IMG_0002-300x202.jpg" alt="" width="300" height="202" srcset="http://dimbach-pfalz.de/wp-content/uploads/2016/06/77-IMG_0002-300x202.jpg 300w, http://dimbach-pfalz.de/wp-content/uploads/2016/06/77-IMG_0002-768x517.jpg 768w, http://dimbach-pfalz.de/wp-content/uploads/2016/06/77-IMG_0002-1024x689.jpg 1024w, http://dimbach-pfalz.de/wp-content/uploads/2016/06/77-IMG_0002-446x300.jpg 446w, http://dimbach-pfalz.de/wp-content/uploads/2016/06/77-IMG_0002.jpg 1544w" sizes="(max-width: 300px) 100vw, 300px" /><p id="caption-attachment-500" class="wp-caption-text">Dimbach Mitte der 50er Jahre (Foto: Fritz Krämer)</p></div>
<p>Die Ortschaft gehörte zusammen mit den Nachbargemeinden Darstein, Oberschlettenbach, Vorderweidenthal und dem Bärenbrunnerhof zur Grafschaft Burg Lindelbrunn, welche sich im Besitz der Grafen von Leiningen befand.</p>
<p>Durch die ständige Geldnot dieser Besitzer mussten die hauptsächlich von der Landwirtschaft lebenden Dimbacher zeitweise zwei Zehntsteuern aus ihrem kärglichen Einkommen abführen.</p>
<div id="attachment_497" style="width: 310px" class="wp-caption alignright"><img loading="lazy" decoding="async" aria-describedby="caption-attachment-497" class="wp-image-497 size-medium" src="http://dimbach-pfalz.de/wp-content/uploads/2016/06/17-06-01-Dimbach_alt-1-300x208.jpg" alt="" width="300" height="208" srcset="http://dimbach-pfalz.de/wp-content/uploads/2016/06/17-06-01-Dimbach_alt-1-300x208.jpg 300w, http://dimbach-pfalz.de/wp-content/uploads/2016/06/17-06-01-Dimbach_alt-1-768x534.jpg 768w, http://dimbach-pfalz.de/wp-content/uploads/2016/06/17-06-01-Dimbach_alt-1-1024x712.jpg 1024w, http://dimbach-pfalz.de/wp-content/uploads/2016/06/17-06-01-Dimbach_alt-1-432x300.jpg 432w, http://dimbach-pfalz.de/wp-content/uploads/2016/06/17-06-01-Dimbach_alt-1.jpg 1121w" sizes="(max-width: 300px) 100vw, 300px" /><p id="caption-attachment-497" class="wp-caption-text">Dimbach Anfang der 60er Jahre (Foto: Fritz Krämer)</p></div>
<p>Auch der Dreißigjährige Krieg (1618 &#8211; 1648) mit seinen Hungersnöten und Krankheitsepidemien sorgte für eine drastische Reduzierung der Bevölkerung. Teilweise überlebten in der Region nur 20% der Einwohner, oder manche Ortschaften wurden völlig ausgelöscht und nie wieder aufgebaut.</p>
<p>&nbsp;</p>
<p>Dimbach blieb davon verschont und noch heute gibt es Familien deren Nachkommen aus dieser Zeit in unserer Heimatgemeinde Dimbach leben.</p>
<div id="attachment_498" style="width: 310px" class="wp-caption alignleft"><img loading="lazy" decoding="async" aria-describedby="caption-attachment-498" class="wp-image-498 size-medium" src="http://dimbach-pfalz.de/wp-content/uploads/2016/06/17-06-01-Dimbach_alt-3-300x195.jpg" alt="" width="300" height="195" /><p id="caption-attachment-498" class="wp-caption-text">Dimbach 1999 (Foto: Thomas Funck)</p></div>
<p>Ende des 19. Jahrhunderts fanden viele Bürger im Bereich der Schuhindustrie neue Einkommensmöglichkeiten und ab der zweiten Hälfte des 20. Jahrhunderts orientierte man sich überwiegend in die Vorderpfalz bzw. Rheinebene zu den dort ansässigen Handwerks- und Industriezweigen.</p>

<p>Es wird vermutet, dass Dimbach bereits im 11. oder 12. Jahrhundert vor der Zeit vom großen Stauferkaiser Friedrich I. (genannt Barbarossa) mit seiner Residenz auf der Reichsburg Trifels existierte. Dies ist allerdings urkundlich nicht belegt. Die erste urkundliche Erwähnung findet &hellip; <a href="http://dimbach-pfalz.de/?page_id=34">Weiterlesen <span class="meta-nav">&rarr;</span></a></p>
