{"id":128,"date":"2015-06-01T06:06:23","date_gmt":"2015-06-01T06:06:23","guid":{"rendered":"http:\/\/dimbach-pfalz.de\/?page_id=128"},"modified":"2017-08-18T11:44:40","modified_gmt":"2017-08-18T11:44:40","slug":"ausflugsziele","status":"publish","type":"page","link":"http:\/\/dimbach-pfalz.de\/?page_id=128","title":{"rendered":"Ausflugsziele"},"content":{"rendered":"<p>Zahlreiche lohnenswerte Ziele findet der Gast beim Besuch in unserer Region.<\/p>\n<p>Langeweile gibt es nicht &#8211; es findet sich sicher f\u00fcr Jeden das richtige Ziel.<\/p>\n<p>Ob Jung oder Alt, Familien, Paare oder Alleinreisende, zu Fu\u00df oder auf dem Rad bzw. Mountainbike &#8211; keiner geht leer aus. Das Tourismusb\u00fcro in Hauenstein hilft bei der Auswahl und gibt n\u00fctzliche Tipps zu ihren Ausflugszielen.<\/p>\n<p>Auf der Homepage unserer Verbandsgemeinde gibt es schon mal einen ersten Einlick bzw. Ausblick was man bei einem Besuch so Alles erleben kann:<\/p>\n<p><a href=\"http:\/\/www.urlaubsregion-hauenstein.de\/urlaubsregion\/ausflugsziele\/\" target=\"_blank\">http:\/\/www.hauenstein-pfalz.de\/vg_hauenstein\/Tourismus\/Ausflugsziele\/<\/a><\/p>\n<p>&nbsp;<\/p>\n<p>&nbsp;<\/p>\n","protected":false},"excerpt":{"rendered":"<p>Zahlreiche lohnenswerte Ziele findet der Gast beim Besuch in unserer Region. Langeweile gibt es nicht &#8211; es findet sich sicher f\u00fcr Jeden das richtige Ziel. Ob Jung oder Alt, Familien, Paare oder Alleinreisende, zu Fu\u00df oder auf dem Rad bzw. &hellip; <a href=\"http:\/\/dimbach-pfalz.de\/?page_id=128\">Weiterlesen <span class=\"meta-nav\">&rarr;<\/span><\/a><\/p>\n","protected":false},"author":1,"featured_media":0,"parent":91,"menu_order":4,"comment_status":"closed","ping_status":"closed","template":"","meta":{"footnotes":""},"_links":{"self":[{"href":"http:\/\/dimbach-pfalz.de\/index.php?rest_route=\/wp\/v2\/pages\/128"}],"collection":[{"href":"http:\/\/dimbach-pfalz.de\/index.php?rest_route=\/wp\/v2\/pages"}],"about":[{"href":"http:\/\/dimbach-pfalz.de\/index.php?rest_route=\/wp\/v2\/types\/page"}],"author":[{"embeddable":true,"href":"http:\/\/dimbach-pfalz.de\/index.php?rest_route=\/wp\/v2\/users\/1"}],"replies":[{"embeddable":true,"href":"http:\/\/dimbach-pfalz.de\/index.php?rest_route=%2Fwp%2Fv2%2Fcomments&post=128"}],"version-history":[{"count":5,"href":"http:\/\/dimbach-pfalz.de\/index.php?rest_route=\/wp\/v2\/pages\/128\/revisions"}],"predecessor-version":[{"id":574,"href":"http:\/\/dimbach-pfalz.de\/index.php?rest_route=\/wp\/v2\/pages\/128\/revisions\/574"}],"up":[{"embeddable":true,"href":"http:\/\/dimbach-pfalz.de\/index.php?rest_route=\/wp\/v2\/pages\/91"}],"wp:attachment":[{"href":"http:\/\/dimbach-pfalz.de\/index.php?rest_route=%2Fwp%2Fv2%2Fmedia&parent=128"}],"curies":[{"name":"wp","href":"https:\/\/api.w.org\/{rel}","templated":true}]}}